{"id":1667,"date":"2019-06-01T13:08:32","date_gmt":"2019-06-01T13:08:32","guid":{"rendered":"http:\/\/kyrgyzstan-sj.org\/?page_id=1667"},"modified":"2023-11-10T14:06:20","modified_gmt":"2023-11-10T14:06:20","slug":"adopcja-serca","status":"publish","type":"page","link":"https:\/\/kyrgyzstan-sj.org\/?page_id=1667&lang=pl","title":{"rendered":"ADOPCJA SERCA"},"content":{"rendered":"<p>To opieka duchowa i materialna zaoferowana najbiedniejszym dzieciom z kraj\u00f3w misyjnych:<\/p>\n<ul>\n<li><b>opieka duchowa<\/b>\u00a0polega na regularnej modlitwie w intencji adoptowanego dziecka,<\/li>\n<li><b>opieka materialna<\/b>\u00a0to wp\u0142acanie raz na miesi\u0105c ma\u0142ej kwoty pieni\u0119\u017cnej przeznaczonej na op\u0142acenie szko\u0142y, zakupienie przybor\u00f3w szkolnych oraz, w zale\u017cno\u015bci od sytuacji, skromne utrzymanie czy zakupienie lekarstw.<\/li>\n<\/ul>\n<p>Adopcj\u0119 mo\u017ce podj\u0105\u0107 indywidulna osoba, albo kilka os\u00f3b razem (rodzina, szko\u0142a, klasa, stowarzyszenie itp). Osoba adoptuj\u0105ca zobowi\u0105zuje si\u0119 do przesy\u0142ania wsparcia minimum przez rok. W roku 2012 w parafii pw. Blog. Matki Teresy z Kalkuty w Jalalabadzie obj\u0119tych by\u0142o Adopcja Duchowa dwana\u015bcioro dzieci. Na co dzie\u0144 parafia wsp\u00f3\u0142pracuje ze Stowarzyszeniem Rodzic\u00f3w Dzieci Inwalid\u00f3w \u201eMerim Bulak\u201d, kt\u00f3re wspiera rodziny w opiece nad ich niepe\u0142nosprawnymi dzie\u0107mi. Stowarzyszenie powsta\u0142o cztery lata temu dzi\u0119ki wsp\u00f3\u0142pracy Brata Damiana Wojciechowskiego SJ z lokaln\u0105 spo\u0142eczno\u015bci\u0105. Chcieliby\u015bmy, aby w przysz\u0142o\u015bci Adopcja Serca by\u0142a dedykowana m. In. podopiecznym fundacji.<\/p>\n<p>Je\u015bli chcesz pom\u00f3c cho\u0107by jednemu dziecku, mo\u017cesz to uczyni\u0107, wp\u0142acaj\u0105c r\u00f3wnowarto\u015b\u0107\u00a0<b>10 EUR miesi\u0119cznie, 30 EUR kwartalnie<\/b>\u00a0b\u0105d\u017a te\u017c\u00a0<b>120 EUR rocznie<\/b>, na numer konta Biura Misyjnego z dopiskiem\u00a0<b>\u201eAdopcja Serca, Jalal-Abad, NN\u201d<\/b>\u00a0(imi\u0119 dziecka i pierwsza litera nazwiska).<\/p>\n<p>Istnieje tak\u017ce mo\u017cliwo\u015b\u0107 nawi\u0105zania listownego\/internetowego (e-mail, Skype) kontaktu z dzieckiem.<\/p>\n<p>Nr konta Biura Misyjnego Jezuit\u00f3w Prowincji Wielkopolsko-Mazowieckiej:<br \/>\n<b>PLN:<\/b>\u00a064203000451110000001018520\u00a0<b>wp\u0142aty w PLN<\/b><br \/>\n<b>USD:<\/b>\u00a082203000453110000000035690\u00a0<b>wp\u0142aty w USD<\/b><\/p>\n<p><b>Kontakt:<\/b><br \/>\nBiuro Misyjne Jezuit\u00f3w Prowincji Wielkopolsko-Mazowieckiej<br \/>\n<a href=\"http:\/\/misjejezuici.blogspot.com\/\">http:\/\/misjejezuici.blogspot.com\/<\/a><br \/>\nE-mail: misje.jezuici@gmail.com<\/p>\n<p>Rzymsko-Katolicka Parafia p.w. \u015bw. Matki Teresy z Kalkuty w Kirgizji<br \/>\n<a href=\"http:\/\/www.kyrgyzstan-sj.org\/\">http:\/\/www.kyrgyzstan-sj.org\/<\/a><br \/>\nE-mail: rkalski@jesuits.net<\/p>\n","protected":false},"excerpt":{"rendered":"<p>To opieka duchowa i materialna zaoferowana najbiedniejszym dzieciom z kraj\u00f3w misyjnych: opieka duchowa\u00a0polega na regularnej modlitwie w intencji adoptowanego dziecka,<\/p>\n","protected":false},"author":1,"featured_media":0,"parent":0,"menu_order":0,"comment_status":"closed","ping_status":"closed","template":"","meta":{"footnotes":""},"class_list":["post-1667","page","type-page","status-publish","hentry"],"_links":{"self":[{"href":"https:\/\/kyrgyzstan-sj.org\/index.php?rest_route=\/wp\/v2\/pages\/1667","targetHints":{"allow":["GET"]}}],"collection":[{"href":"https:\/\/kyrgyzstan-sj.org\/index.php?rest_route=\/wp\/v2\/pages"}],"about":[{"href":"https:\/\/kyrgyzstan-sj.org\/index.php?rest_route=\/wp\/v2\/types\/page"}],"author":[{"embeddable":true,"href":"https:\/\/kyrgyzstan-sj.org\/index.php?rest_route=\/wp\/v2\/users\/1"}],"replies":[{"embeddable":true,"href":"https:\/\/kyrgyzstan-sj.org\/index.php?rest_route=%2Fwp%2Fv2%2Fcomments&post=1667"}],"version-history":[{"count":2,"href":"https:\/\/kyrgyzstan-sj.org\/index.php?rest_route=\/wp\/v2\/pages\/1667\/revisions"}],"predecessor-version":[{"id":2012,"href":"https:\/\/kyrgyzstan-sj.org\/index.php?rest_route=\/wp\/v2\/pages\/1667\/revisions\/2012"}],"wp:attachment":[{"href":"https:\/\/kyrgyzstan-sj.org\/index.php?rest_route=%2Fwp%2Fv2%2Fmedia&parent=1667"}],"curies":[{"name":"wp","href":"https:\/\/api.w.org\/{rel}","templated":true}]}}