{"id":586,"date":"2019-03-16T12:23:44","date_gmt":"2019-03-16T12:23:44","guid":{"rendered":"http:\/\/kyrgyzstan-sj.org\/?page_id=586"},"modified":"2025-09-10T02:32:30","modified_gmt":"2025-09-10T02:32:30","slug":"draft","status":"publish","type":"page","link":"https:\/\/kyrgyzstan-sj.org\/?page_id=586","title":{"rendered":"Kontakt"},"content":{"rendered":"<div id=\"pl-586\" class=\"panel-layout\">\n<div id=\"pg-586-0\" class=\"panel-grid panel-no-style\" data-style=\"{&quot;background_image_attachment&quot;:false,&quot;background_display&quot;:&quot;tile&quot;,&quot;background_image_size&quot;:&quot;full&quot;,&quot;background_image_opacity&quot;:&quot;100&quot;,&quot;border_thickness&quot;:&quot;1px&quot;,&quot;full_height&quot;:&quot;&quot;,&quot;cell_alignment&quot;:&quot;flex-start&quot;}\">\n<div id=\"pgc-586-0-0\" class=\"panel-grid-cell\" data-weight=\"0.5\">\n<div id=\"panel-586-0-0-0\" class=\"so-panel widget widget_text panel-first-child panel-last-child\" data-index=\"0\" data-style=\"{&quot;background_image_attachment&quot;:false,&quot;background_display&quot;:&quot;tile&quot;,&quot;background_image_size&quot;:&quot;full&quot;,&quot;background_image_opacity&quot;:&quot;100&quot;,&quot;border_thickness&quot;:&quot;1px&quot;,&quot;font_color&quot;:&quot;#515151&quot;}\">\n<div class=\"panel-widget-style panel-widget-style-for-586-0-0-0\">\n<div class=\"textwidget\">\n<p><b>Godziny Mszy \u015bw.:<\/b><br \/>\nNiedziela: 11.00.<br \/>\nPoniedzia\u0142ek &#8212; Sobota: 18.00. (16.00 &#8212; zim\u0105)<\/p>\n<p><b>Adres:<\/b><br \/>\nul. Pushkina 20\/2<br \/>\n720901 Jalal-Abad<br \/>\nKyrgyzstan<br \/>\ne-mail: mteresazhalalabad@gmail.com<\/p>\n<\/div>\n<\/div>\n<\/div>\n<\/div>\n<div id=\"pgc-586-0-1\" class=\"panel-grid-cell\" data-weight=\"0.5\">\n<div id=\"panel-586-0-1-0\" class=\"so-panel widget widget_text panel-first-child panel-last-child\" data-index=\"1\" data-style=\"{&quot;background_image_attachment&quot;:false,&quot;background_display&quot;:&quot;tile&quot;,&quot;background_image_size&quot;:&quot;full&quot;,&quot;background_image_opacity&quot;:&quot;100&quot;,&quot;border_thickness&quot;:&quot;1px&quot;}\">\n<div class=\"textwidget\">\n<p><b>Kontakt:<\/b><\/p>\n<ul>\n<li style=\"list-style-type: none;\">\n<ul>\n<li style=\"list-style-type: none;\">\n<ul>\n<li><strong>Ks. Jozef Trela<\/strong><\/li>\n<\/ul>\n<\/li>\n<\/ul>\n<p>Tel.+996 501763354<br \/>\nWhatsApp: +48 790 334 682<br \/>\n<span style=\"font-size: inherit; color: initial;\">e-mail: jozeftrelabuffalo@gmail.com<\/span><\/li>\n<\/ul>\n<\/div>\n<\/div>\n<\/div>\n<\/div>\n<div id=\"pg-586-1\" class=\"panel-grid panel-no-style\" data-style=\"{&quot;background_image_attachment&quot;:false,&quot;background_display&quot;:&quot;tile&quot;,&quot;full_height&quot;:&quot;&quot;,&quot;cell_alignment&quot;:&quot;flex-start&quot;}\">\n<div id=\"pgc-586-1-0\" class=\"panel-grid-cell panel-grid-cell-empty panel-grid-cell-mobile-last\" data-weight=\"0.5\"><\/div>\n<div id=\"pgc-586-1-1\" class=\"panel-grid-cell panel-grid-cell-empty\" data-weight=\"0.5\"><\/div>\n<\/div>\n<\/div>\n","protected":false},"excerpt":{"rendered":"<p>Godziny Mszy \u015bw.: Niedziela: 11.00. Poniedzia\u0142ek &#8212; Sobota: 18.00. (16.00 &#8212; zim\u0105) Adres: ul. Pushkina 20\/2 720901 Jalal-Abad Kyrgyzstan e-mail:<\/p>\n","protected":false},"author":1,"featured_media":0,"parent":0,"menu_order":0,"comment_status":"closed","ping_status":"closed","template":"","meta":{"footnotes":""},"class_list":["post-586","page","type-page","status-publish","hentry"],"_links":{"self":[{"href":"https:\/\/kyrgyzstan-sj.org\/index.php?rest_route=\/wp\/v2\/pages\/586","targetHints":{"allow":["GET"]}}],"collection":[{"href":"https:\/\/kyrgyzstan-sj.org\/index.php?rest_route=\/wp\/v2\/pages"}],"about":[{"href":"https:\/\/kyrgyzstan-sj.org\/index.php?rest_route=\/wp\/v2\/types\/page"}],"author":[{"embeddable":true,"href":"https:\/\/kyrgyzstan-sj.org\/index.php?rest_route=\/wp\/v2\/users\/1"}],"replies":[{"embeddable":true,"href":"https:\/\/kyrgyzstan-sj.org\/index.php?rest_route=%2Fwp%2Fv2%2Fcomments&post=586"}],"version-history":[{"count":110,"href":"https:\/\/kyrgyzstan-sj.org\/index.php?rest_route=\/wp\/v2\/pages\/586\/revisions"}],"predecessor-version":[{"id":2985,"href":"https:\/\/kyrgyzstan-sj.org\/index.php?rest_route=\/wp\/v2\/pages\/586\/revisions\/2985"}],"wp:attachment":[{"href":"https:\/\/kyrgyzstan-sj.org\/index.php?rest_route=%2Fwp%2Fv2%2Fmedia&parent=586"}],"curies":[{"name":"wp","href":"https:\/\/api.w.org\/{rel}","templated":true}]}}